/10*20/7. Suppose o - g = -5. Suppose 2*n + 18 = o*n. What are the prime factors of n?
2, 3
Suppose 0 = -5*x - x + 234. Suppose -c - 2 - x = 0. Let y = -25 - c. List the prime factors of y.
2
Suppose -4*v - 2*l = 2*l - 308, v = -2*l + 77. What are the prime factors of v?
7, 11
Suppose -6 = -0*i - 3*i. Suppose 0*w + 145 = 3*q - 2*w, -i*w = -4*q + 192. What are the prime factors of q?
47
Suppose -5*c + 9 = -2*c. Let d(s) = 7*s**2 - 8*s + 2. What are the prime factors of d(c)?
41
Let q(n) = 2*n + 21. Let h be q(-9). Suppose -h*x - 552 = -2*c - c, -4*x = 12. What are the prime factors of c?
181
Let f(i) = 37*i**2 + 2*i + 166. List the prime factors of f(-10).
2, 3, 641
Suppose 0 = 10*b - 20310 + 1000. List the prime factors of b.
1931
Suppose 5*m - 14 - 34 = -4*z, -5*z + 69 = 4*m. Suppose -4*u - 3*a = -8, -2*a - a + z = -5*u. List the prime factors of u/(-3 - 330/(-111)).
37
Let t(l) be the third derivative of -l**4/2 - 26*l**3/3 - 5*l**2. What are the prime factors of t(-19)?
2, 11
Suppose 0*p = -p + 4. Suppose -d - 3*o = 0, -o = -2*d - 3*o + p. Suppose 28 = d*f - 17. What are the prime factors of f?
3, 5
Let v(s) = 518*s + 82. List the prime factors of v(4).
2, 3, 359
Suppose 0 = -5*x - 3*w + 979, -3*x - 22*w + 17*w + 581 = 0. List the prime factors of x.
197
Suppose -x = -2*x - 5*s + 26, 4*x - 3*s - 12 = 0. Suppose 27 + 171 = x*o. What are the prime factors of o?
3, 11
Let l be -2 - (-11 - -3)*1. Suppose 0 - l = 2*d. List the prime factors of 15/(-3) - d - -25.
23
List the prime factors of -33*(-386)/6 + 5 - 1.
3, 709
Suppose -4*s + 3*s + 2 = 0. Suppose 56 = -s*w - 14. What are the prime factors of (-1215)/w + 4/14?
5, 7
Suppose a = 5*q - 5 + 35, q + 10 = a. Suppose 5*f - 31 = 2*d - 6*d, a*d - 17 = f. Suppose 4*l - 32 = f*l. What are the prime factors of l?
2
Suppose -x = -5*p - 6*x - 35, 10 = -2*x. Let q be (-4 + p)/2 + -2. Let u = 13 + q. What are the prime factors of u?
2
Let k be (1 - 0)*(-2 - -2). Let z = -10 - -57. Let f = z + k. List the prime factors of f.
47
Suppose 2*u - 31 = 117. List the prime factors of u.
2, 37
Let j(p) = 3*p**2 - p. Let o = 6 - 4. Let g be j(o). Suppose g*a = 6*a + 92. What are the prime factors of a?
23
Let h = 383 + 150. List the prime factors of h.
13, 41
List the prime factors of -4*((-1422)/8 + 5/(-1)).
17, 43
Let f be 115 + (-8)/1*(-1)/(-2). Suppose -8*r + f = -393. List the prime factors of r.
3, 7
What are the prime factors of 24/14*588/126?
2
Suppose -25*o + 335 = -24*o. List the prime factors of o.
5, 67
Suppose 5*y - y = 4*j - 32, 2*j = -3*y + 1. Suppose j*a = 4*a + 141. Suppose 7*n = 4*n + a. List the prime factors of n.
47
Suppose -3352 = -9*a + 24485. What are the prime factors of a?
3, 1031
Suppose -5 = -3*i + 10. Suppose -2*w - 3*q + 355 = 2*w, i = q. What are the prime factors of w?
5, 17
Suppose -5*b + 1 = -24. Suppose 0*q + b*q = 2*z - 321, 0 = 2*q - 10. What are the prime factors of z?
173
What are the prime factors of 11960/8 + 16/2?
3, 167
Let x(d) = -40*d**3 - 7*d**2 + 12*d + 11. List the prime factors of x(-4).
2411
Suppose 496 = -16*k + 14*k. Let w = -152 - k. What are the prime factors of w?
2, 3
Let u be -5*1*(6 + -7). Suppose 67 = 2*q + u*v, -3*v + 85 = 4*q - 42. List the prime factors of q.
31
Let m be (14/4)/(-7)*346. Let u = m - -392. List the prime factors of u.
3, 73
Suppose 5169 + 4811 = 10*u. What are the prime factors of u?
2, 499
Let s = 172 - 19. Suppose 4*b = 147 + s. Let t = -36 + b. List the prime factors of t.
3, 13
Let f be (-42)/6*2/(-7). What are the prime factors of 284/4 - f - 1?
2, 17
Let z(r) = 7*r**3 - 7*r**2 + 8*r + 16. List the prime factors of z(4).
2, 3
Let h(z) = z**2 + 11*z - 6. Let n be h(-12). Suppose 0 = x - 2*o - 18, 4*o + 0 + n = -x. List the prime factors of x.
2, 5
Suppose 2*x + v - 6 = 0, 3*v - 2 = 2*x - 0. Suppose 4*p - x*p = 16. Suppose o = 5*w + p, 5*o - 2*o = -2*w + 41. List the prime factors of o.
13
Let r = -113 - -161. Let m = r - -223. List the prime factors of m.
271
Suppose 2*x + 3*x = -5*w + 490, 217 = 2*x - 5*w. Suppose 2*o - x = 31. What are the prime factors of o?
2, 3, 11
Let l = 68 - 35. What are the prime factors of l + (-10 - -3) + 3?
29
Let z(s) = -s**3 + s**2 + 4*s. Let x = -36 + 34. List the prime factors of z(x).
2
Let s(n) = -3*n - 15. Let k be s(-6). Suppose 2*m - 5*m + 3*q + 414 = 0, k*m + 3*q - 390 = 0. What are the prime factors of m?
2, 67
Suppose -133 = -5*d + 27. Suppose 5*f = -4*q + d, 2*q + 0*f - 26 = -5*f. List the prime factors of 45 + 1 - q*1.
43
Suppose -i - 3*x + x = 48, 3*i + 5*x + 141 = 0. Let m be (4/(-14))/(6/i). Suppose -m*c - 6*d + d = -63, 0 = 5*c + d - 215. List the prime factors of c.
2, 11
Suppose -3*i + 6 = 4*d, 5 = -5*i - 5*d + 15. Suppose 6*w + y = w + 314, -i*w + 129 = -3*y. List the prime factors of w.
3, 7
Let n(k) = -9*k - 3. Let w = 2 + 8. Let q = 7 - w. List the prime factors of n(q).
2, 3
Suppose 21*i - 23*i + 1897 = 3*c, 0 = -2*i - 8. What are the prime factors of c?
5, 127
Suppose 230*f = 262*f - 54304. What are the prime factors of f?
1697
Suppose 3*u = -6 - 0, u - 6 = -4*i. List the prime factors of (i/6)/(3/567).
3, 7
Let g = 189 + 437. List the prime factors of g.
2, 313
What are the prime factors of -4 + 17/(-3)*-21?
5, 23
Suppose 3*u = -5*v + 471, 0 = 4*v - 9*v + u + 483. Suppose -m + v + 32 = 0. What are the prime factors of m?
2
Let f be (-14)/4*48/(-14). What are the prime factors of 3 + (-4)/(f/(-9))?
2, 3
Let b be -2 + 15 + -2 + -3. Suppose -85 = b*r - 293. What are the prime factors of r?
2, 13
Let n(l) = -l**3 + 15*l**2 + l - 15. Let j be n(15). Suppose -2*h - 2*h + 8 = j. What are the prime factors of -20*4/h*-1?
2, 5
Let l(g) = -5*g**3 + 10*g**2 + 4*g + 3. Let f be l(5). Let w = -217 - f. List the prime factors of w.
3, 5
Let c(g) = -g**3 - 5*g**2 - 3*g - 5. Let k be c(-4). Let x(h) = -h + 2. What are the prime factors of x(k)?
11
Let j(d) be the third derivative of -d**5/60 - 5*d**4/8 + d**3/3 - 7*d**2. List the prime factors of j(-6).
2, 7
Let n be (-1)/(1/10*-2). Suppose 0 = -3*g - 3*a + 5 - 29, -2*g = -n*a - 19. What are the prime factors of (-12)/(-2)*(-11)/g?
2, 11
Let a be (-45)/(-4) - 3/12. Let o(z) be the third derivative of z**6/120 - 11*z**5/60 + z**4/12 - 13*z**3/6 + 10*z**2. What are the prime factors of o(a)?
3
Let r(d) = 17 - 46 - 46*d - 65*d + 87*d. List the prime factors of r(-10).
211
Let i = 71 + -71. Suppose i = 2*t - 41 - 47. What are the prime factors of t?
2, 11
Suppose -2*g = 2*z - 4162, 9*g - 13*g + 5*z + 8297 = 0. What are the prime factors of g?
2, 1039
Let v be (-4)/8 - 7/2. Let p = v + 5. Suppose -4 = b - p, 0 = 5*a + b - 102. What are the prime factors of a?
3, 7
Let v be (18/12 + 0)*(2 - 0). Let q = 73 - v. List the prime factors of q.
2, 5, 7
Let u be (29*(-2)/(-2))/1. Let d = u + -27. Suppose -j + 33 = d*j. What are the prime factors of j?
11
Let i be ((-2)/(-2))/(5/115). Let u = 28 - i. List the prime factors of 3/u + 696/15.
47
Suppose -v = 5 - 5. Suppose 5*s - 10 = 3*s, -u - s + 82 = v. List the prime factors of u.
7, 11
Let v(i) = -i**3 + 9*i**2 - 2*i - 1. Let w be v(8). Suppose 3*n + w = 119. List the prime factors of (100/(-16))/(-5)*n.
2, 3, 5
Let k = 21 + -4. Suppose -k*a = -12*a - 425. What are the prime factors of a?
5, 17
Suppose 1810 = 2*r - 2*c, 5*r + c - 2472 = 2047. List the prime factors of r.
2, 113
Suppose -1 = -4*m + 15. Suppose -5*p + m*p + 17 = 0. Let x = 0 + p. List the prime factors of x.
17
Suppose 5*y = -3*l + 105, l = 2*y - 4*l - 11. Suppose -4*c + 18 = -y. Let n = 11 - c. List the prime factors of n.
2
Suppose 4*d - 355 = 3*y + 5456, 0 = -3*d - 2*y + 4337. What are the prime factors of d?
3, 7, 23
Let m = 917 + 3721. List the prime factors of m.
2, 3, 773
Suppose 434*o = 430*o + 7604. What are the prime factors of o?
1901
Let q(g) = -618*g - 108. List the prime factors of q(-3).
2, 3, 97
Let h = 37 + -33. Suppose -2*n - h = -46. What are the prime factors of n?
3, 7
Let d be 204/5 + (2 - 9/5). Suppose 521 = 2*y + d. What are the prime factors of y?
2, 3, 5
Suppose 0*x - 240 = -5*x. Let q be x/((-12)/(-8) + -3). Let t = q - -60. List the prime factors of t.
2, 7
Suppose 72 = -3*n + 7*n. Let h(g) = 2*g**3 + 27*g**2 - 15*g - 11. Let i be h(-14). Suppose -i = -f + n. List the prime factors of f.
3, 7
Let x be ((-145)/